{"id":484,"date":"2015-04-28T08:15:34","date_gmt":"2015-04-28T06:15:34","guid":{"rendered":"http:\/\/slovenskefiremnehry.sk\/plaze\/?page_id=484"},"modified":"2026-04-23T17:16:09","modified_gmt":"2026-04-23T15:16:09","slug":"domov","status":"publish","type":"page","link":"https:\/\/slovenskefiremnehry.sk\/plaze\/","title":{"rendered":"Domov"},"content":{"rendered":"<div   class='avia-fullscreen-slider main_color   avia-builder-el-0  el_before_av_submenu  avia-builder-el-first  container_wrap fullsize'  >\n<style type=\"text\/css\" data-created_by=\"avia_inline_auto\" id=\"style-css-av-49batg-f2b9bcc4ba4e5c6e1de1d041b433e5f4\">\n#top #wrap_all .avia-slideshow .av-slideshow-caption.av-49batg-f2b9bcc4ba4e5c6e1de1d041b433e5f4__0 .avia-caption-title{\nfont-size:40px;\n}\n#top .avia-slideshow .av-slideshow-caption.av-49batg-f2b9bcc4ba4e5c6e1de1d041b433e5f4__0 .avia-caption-content{\nfont-size:18px;\n}\n#top .avia-slideshow .av-slideshow-caption.av-49batg-f2b9bcc4ba4e5c6e1de1d041b433e5f4__0 .avia-caption-content p{\nfont-size:18px;\n}\n<\/style>\n<a href='#next-section' title='' class='scroll-down-link av-control-default' aria-hidden='true' data-av_icon='\ue877' data-av_iconfont='entypo-fontello'><\/a><div  class='avia-slideshow av-49batg-f2b9bcc4ba4e5c6e1de1d041b433e5f4 av-control-default avia-slideshow-no scaling av_fullscreen avia-fade-slider av-slider-scroll-down-active av-default-height-applied   avia-slideshow-1'  data-size='no scaling'  data-lightbox_size='large'  data-animation='fade'  data-conditional_play=''  data-ids='1763,1764,1765,1766'  data-video_counter='0'  data-autoplay='true'  data-bg_slider='true'  data-slide_height='100'  data-handle='av_fullscreen'  data-interval='3'  data-class=''  data-extra_class=' '  data-el_id=''  data-css_id='fullscreen_slider_1'  data-scroll_down='aviaTBscroll_down'  data-control_layout='av-control-default'  data-custom_markup=''  data-perma_caption='aviaTBperma_caption'  data-autoplay_stopper=''  data-image_attachment=''  data-min_height='0px'  data-lazy_loading='disabled'  data-default-height='49.2708333333'  data-img_scrset=''  data-av-desktop-hide=''  data-av-medium-hide=''  data-av-small-hide=''  data-av-mini-hide=''  data-id=''  data-custom_class=''  data-template_class=''  data-av_uid='av-49batg'  data-sc_version='1.0'  data-stretch=''  data-heading_tag=''  data-heading_class=''  data-caption_override='&lt;div class=&#039;av-slideshow-caption av-49batg-f2b9bcc4ba4e5c6e1de1d041b433e5f4__0 caption_fullwidth caption_center caption_center_framed caption_framed&#039;&gt;&lt;div class=&quot;container caption_container&quot;&gt;&lt;div class=&quot;slideshow_caption&quot;&gt;&lt;div class=&quot;slideshow_inner_caption&quot;&gt;&lt;div class=&quot;slideshow_align_caption&quot;&gt;&lt;h2 class=&#039;avia-caption-title &#039;  itemprop=&quot;name&quot; &gt;PL\u00c1\u017dOV\u00c9 IN\u0160PIR\u00c1CIE&lt;\/h2&gt;&lt;div class=&#039;avia-caption-content av_inherit_color&#039;  itemprop=&quot;description&quot; &gt;&lt;p&gt;28. &#8211; 31. m\u00e1j 2026 \/Rab, Chorv\u00e1tsko \/ ARBA Resort Valamar Colection&lt;\/p&gt;\n&lt;\/div&gt;&lt;a href=&#039;http:\/\/slovenskefiremnehry.sk\/plaze\/#sub_menu1&#039;  class=&#039;avia-slideshow-button avia-button avia-color-light &#039; data-duration=&#039;800&#039; data-easing=&#039;easeInOutQuad&#039;&gt;Viac inform\u00e1ci\u00ed&lt;\/a&gt;&lt;\/div&gt;&lt;\/div&gt;&lt;\/div&gt;&lt;\/div&gt;&lt;\/div&gt;'   itemprop=\"image\" itemscope=\"itemscope\" itemtype=\"https:\/\/schema.org\/ImageObject\" ><ul class='avia-slideshow-inner ' style='padding-bottom: 49.2708333333%;'><li style='background-position:center center;' data-img-url='https:\/\/slovenskefiremnehry.sk\/plaze\/wp-content\/uploads\/2015\/04\/B.jpg' class='avia-slideshow-slide av-49batg-f2b9bcc4ba4e5c6e1de1d041b433e5f4__0  slide-1 ' ><div data-rel='slideshow-1' class='avia-slide-wrap '   ><div class='av-section-color-overlay' style='opacity: 0.2; background-color: #0a0a0a; '><\/div><\/div><\/li><li style='background-position:center center;' data-img-url='https:\/\/slovenskefiremnehry.sk\/plaze\/wp-content\/uploads\/2015\/04\/C.jpg' class='avia-slideshow-slide av-49batg-f2b9bcc4ba4e5c6e1de1d041b433e5f4__1  slide-2 ' ><div data-rel='slideshow-1' class='avia-slide-wrap '   ><\/div><\/li><li style='background-position:center center;' data-img-url='https:\/\/slovenskefiremnehry.sk\/plaze\/wp-content\/uploads\/2015\/04\/D.jpg' class='avia-slideshow-slide av-49batg-f2b9bcc4ba4e5c6e1de1d041b433e5f4__2  slide-3 ' ><div data-rel='slideshow-1' class='avia-slide-wrap '   ><\/div><\/li><li style='background-position:center center;' data-img-url='https:\/\/slovenskefiremnehry.sk\/plaze\/wp-content\/uploads\/2015\/04\/A.jpg' class='avia-slideshow-slide av-49batg-f2b9bcc4ba4e5c6e1de1d041b433e5f4__3  slide-4 ' ><div data-rel='slideshow-1' class='avia-slide-wrap '   ><\/div><\/li><\/ul><div class='avia-slideshow-arrows avia-slideshow-controls' ><a href='#prev' class='prev-slide ' aria-hidden='true' data-av_icon='\ue87c' data-av_iconfont='entypo-fontello'  tabindex='-1'>Sp\u00e4\u0165<\/a><a href='#next' class='next-slide ' aria-hidden='true' data-av_icon='\ue87d' data-av_iconfont='entypo-fontello'  tabindex='-1'>\u010ealej<\/a><\/div><div class='avia-slideshow-dots avia-slideshow-controls'><a href='#1' class='goto-slide active' >1<\/a><a href='#2' class='goto-slide ' >2<\/a><a href='#3' class='goto-slide ' >3<\/a><a href='#4' class='goto-slide ' >4<\/a><\/div><div class='av-slideshow-caption av-49batg-f2b9bcc4ba4e5c6e1de1d041b433e5f4__0 caption_fullwidth caption_center caption_center_framed caption_framed'><div class=\"container caption_container\"><div class=\"slideshow_caption\"><div class=\"slideshow_inner_caption\"><div class=\"slideshow_align_caption\"><h2 class='avia-caption-title '  itemprop=\"name\" >PL\u00c1\u017dOV\u00c9 IN\u0160PIR\u00c1CIE<\/h2><div class='avia-caption-content av_inherit_color'  itemprop=\"description\" ><p>28. &#8211; 31. m\u00e1j 2026 \/Rab, Chorv\u00e1tsko \/ ARBA Resort Valamar Colection<\/p>\n<\/div><a href='http:\/\/slovenskefiremnehry.sk\/plaze\/#sub_menu1'  class='avia-slideshow-button avia-button avia-color-light ' data-duration='800' data-easing='easeInOutQuad'>Viac inform\u00e1ci\u00ed<\/a><\/div><\/div><\/div><\/div><\/div><\/div><\/div>\n<div class='clear'><\/div><div id='sub_menu1'  class='av-submenu-container av-3f0qsc-53b4358ddddae49364ef16e47eb7954c footer_color av-switch-768  avia-builder-el-1  el_after_av_fullscreen  el_before_av_section  av-sticky-submenu submenu-not-first container_wrap fullsize' style='z-index:301' ><div class='container av-menu-mobile-active av-submenu-pos-center'><a href=\"#\" class=\"mobile_menu_toggle\" aria-hidden='true' data-av_icon='\ue8a5' data-av_iconfont='entypo-fontello'><span class=\"av-current-placeholder\">Menu<\/span><\/a><ul id=\"menu-bocne-menu\" class=\"av-subnav-menu\"><li role=\"menuitem\" id=\"menu-item-5517\" class=\"menu-item menu-item-type-custom menu-item-object-custom menu-item-top-level menu-item-top-level-1\"><a href=\"http:\/\/registracia.elcop.sk\/\" itemprop=\"url\" tabindex=\"0\"><span class=\"avia-bullet\"><\/span><span class=\"avia-menu-text\">Registr\u00e1cia<\/span><span class=\"avia-menu-fx\"><span class=\"avia-arrow-wrap\"><span class=\"avia-arrow\"><\/span><\/span><\/span><\/a><\/li>\n<li role=\"menuitem\" id=\"menu-item-5569\" class=\"menu-item menu-item-type-custom menu-item-object-custom menu-item-home menu-item-top-level menu-item-top-level-2\"><a href=\"https:\/\/slovenskefiremnehry.sk\/plaze\/#sub_menu1\" itemprop=\"url\" tabindex=\"0\"><span class=\"avia-bullet\"><\/span><span class=\"avia-menu-text\">O podujat\u00ed<\/span><span class=\"avia-menu-fx\"><span class=\"avia-arrow-wrap\"><span class=\"avia-arrow\"><\/span><\/span><\/span><\/a><\/li>\n<li role=\"menuitem\" id=\"menu-item-509\" class=\"menu-item menu-item-type-post_type menu-item-object-page menu-item-has-children menu-item-top-level menu-item-top-level-3\"><a href=\"https:\/\/slovenskefiremnehry.sk\/plaze\/sutazny-program-2\/\" itemprop=\"url\" tabindex=\"0\"><span class=\"avia-bullet\"><\/span><span class=\"avia-menu-text\">\u0160portov\u00fd program<\/span><span class=\"avia-menu-fx\"><span class=\"avia-arrow-wrap\"><span class=\"avia-arrow\"><\/span><\/span><\/span><\/a>\n\n\n<ul class=\"sub-menu\">\n\t<li role=\"menuitem\" id=\"menu-item-662\" class=\"menu-item menu-item-type-post_type menu-item-object-page\"><a href=\"https:\/\/slovenskefiremnehry.sk\/plaze\/discipliny-a-pravidla\/\" itemprop=\"url\" tabindex=\"0\"><span class=\"avia-bullet\"><\/span><span class=\"avia-menu-text\">Discipl\u00edny a pravidl\u00e1<\/span><\/a><\/li>\n\t<li role=\"menuitem\" id=\"menu-item-669\" class=\"menu-item menu-item-type-post_type menu-item-object-page\"><a href=\"https:\/\/slovenskefiremnehry.sk\/plaze\/hodnotenie\/\" itemprop=\"url\" tabindex=\"0\"><span class=\"avia-bullet\"><\/span><span class=\"avia-menu-text\">Hodnotenie<\/span><\/a><\/li>\n<\/ul>\n<\/li>\n<li role=\"menuitem\" id=\"menu-item-508\" class=\"menu-item menu-item-type-post_type menu-item-object-page menu-item-has-children menu-item-top-level menu-item-top-level-4\"><a href=\"https:\/\/slovenskefiremnehry.sk\/plaze\/program-podujatia\/\" itemprop=\"url\" tabindex=\"0\"><span class=\"avia-bullet\"><\/span><span class=\"avia-menu-text\">Program podujatia<\/span><span class=\"avia-menu-fx\"><span class=\"avia-arrow-wrap\"><span class=\"avia-arrow\"><\/span><\/span><\/span><\/a>\n\n\n<ul class=\"sub-menu\">\n\t<li role=\"menuitem\" id=\"menu-item-4218\" class=\"menu-item menu-item-type-post_type menu-item-object-page\"><a href=\"https:\/\/slovenskefiremnehry.sk\/plaze\/ubytovanie\/\" itemprop=\"url\" tabindex=\"0\"><span class=\"avia-bullet\"><\/span><span class=\"avia-menu-text\">Ubytovanie<\/span><\/a><\/li>\n<\/ul>\n<\/li>\n<li role=\"menuitem\" id=\"menu-item-538\" class=\"menu-item menu-item-type-post_type menu-item-object-page menu-item-has-children menu-item-top-level menu-item-top-level-5\"><a href=\"https:\/\/slovenskefiremnehry.sk\/plaze\/podmienky-ucasti\/\" itemprop=\"url\" tabindex=\"0\"><span class=\"avia-bullet\"><\/span><span class=\"avia-menu-text\">\u00da\u010dastn\u00edcky poplatok<\/span><span class=\"avia-menu-fx\"><span class=\"avia-arrow-wrap\"><span class=\"avia-arrow\"><\/span><\/span><\/span><\/a>\n\n\n<ul class=\"sub-menu\">\n\t<li role=\"menuitem\" id=\"menu-item-5534\" class=\"menu-item menu-item-type-post_type menu-item-object-page\"><a href=\"https:\/\/slovenskefiremnehry.sk\/plaze\/podmienky-ucasti-2\/\" itemprop=\"url\" tabindex=\"0\"><span class=\"avia-bullet\"><\/span><span class=\"avia-menu-text\">Podmienky \u00fa\u010dasti<\/span><\/a><\/li>\n\t<li role=\"menuitem\" id=\"menu-item-1861\" class=\"menu-item menu-item-type-post_type menu-item-object-page\"><a href=\"https:\/\/slovenskefiremnehry.sk\/plaze\/osobne-udaje\/\" itemprop=\"url\" tabindex=\"0\"><span class=\"avia-bullet\"><\/span><span class=\"avia-menu-text\">Osobn\u00e9 \u00fadaje<\/span><\/a><\/li>\n<\/ul>\n<\/li>\n<li role=\"menuitem\" id=\"menu-item-3367\" class=\"menu-item menu-item-type-post_type menu-item-object-page menu-item-top-level menu-item-top-level-6\"><a href=\"https:\/\/slovenskefiremnehry.sk\/plaze\/vysledky-2-2\/\" itemprop=\"url\" tabindex=\"0\"><span class=\"avia-bullet\"><\/span><span class=\"avia-menu-text\">V\u00fdsledky<\/span><span class=\"avia-menu-fx\"><span class=\"avia-arrow-wrap\"><span class=\"avia-arrow\"><\/span><\/span><\/span><\/a><\/li>\n<li role=\"menuitem\" id=\"menu-item-505\" class=\"menu-item menu-item-type-post_type menu-item-object-page menu-item-top-level menu-item-top-level-7\"><a href=\"https:\/\/slovenskefiremnehry.sk\/plaze\/galeria\/\" itemprop=\"url\" tabindex=\"0\"><span class=\"avia-bullet\"><\/span><span class=\"avia-menu-text\">Gal\u00e9ria<\/span><span class=\"avia-menu-fx\"><span class=\"avia-arrow-wrap\"><span class=\"avia-arrow\"><\/span><\/span><\/span><\/a><\/li>\n<li role=\"menuitem\" id=\"menu-item-5518\" class=\"menu-item menu-item-type-custom menu-item-object-custom menu-item-top-level menu-item-top-level-8\"><a href=\"http:\/\/slovenskefiremnehry.sk\/#kontakt\" itemprop=\"url\" tabindex=\"0\"><span class=\"avia-bullet\"><\/span><span class=\"avia-menu-text\">Kontaktujte n\u00e1s<\/span><span class=\"avia-menu-fx\"><span class=\"avia-arrow-wrap\"><span class=\"avia-arrow\"><\/span><\/span><\/span><\/a><\/li>\n<\/ul><\/div><\/div><div class='sticky_placeholder'><\/div>\n<div id='menu'  class='avia-section av-2uzpzw-255220a064cd4ad29abbeac4e6576a5e main_color avia-section-default avia-shadow  avia-builder-el-2  el_after_av_submenu  avia-builder-el-last  avia-bg-style-parallax av-minimum-height av-minimum-height-75  container_wrap fullsize'   data-av_minimum_height_pc='75'><div class='container av-section-cont-open' ><div class='template-page content  av-content-full alpha units'><div class='post-entry post-entry-type-page post-entry-484'><div class='entry-content-wrapper clearfix'>\n<div class='flex_column av-1suabo-7181a883e1b3f921c3291c7ed227d37b av_four_fifth  avia-builder-el-3  el_before_av_three_fifth  avia-builder-el-first  first flex_column_div '   ><section  class='av_textblock_section av-1e1a1w-142a04b30b8f1aa4b08990c9189ee135'  itemscope=\"itemscope\" itemtype=\"https:\/\/schema.org\/CreativeWork\" ><div class='avia_textblock'  itemprop=\"text\" ><p>Doprajte svojmu t\u00edmu n\u00e1dych v\u00a0pol\u010dase pracovn\u00e9ho roka a\u00a0u\u017eite si spolo\u010dne Slovensk\u00e9 firemn\u00e9 hry Pl\u00e1\u017eov\u00e9 in\u0161pir\u00e1cie, tento raz na ostrove RAB v\u00a0severnom Jadrane.<\/p>\n<p><strong>Nov\u00fd rezort, jeden are\u00e1l, maximum z\u00e1\u017eitkov<\/strong><\/p>\n<p>Vychutnajte si pohostinnos\u0165 novo otvoren\u00e9ho <strong>ARBA Resort Valamar Colection<\/strong> s modern\u00fdm 4 \u2013 hviezdi\u010dkov\u00fdm hotelom,\u00a0 skvelou kuchy\u0148ou a vybavenos\u0165ou, ktor\u00e1 n\u00e1m umo\u017e\u0148uje realizova\u0165 n\u00e1\u0161 tradi\u010dn\u00fd \u0161portov\u00fd program na jednom mieste. Nebud\u00fa ch\u00fdba\u0165 turnaje v tenise, pl\u00e1\u017eovom volejbale, mini golfe, petanque, fun vodnom p\u00f3le, ani s\u00fa\u0165a\u017ee na kajakoch a vodn\u00fdch sk\u00fatroch.<\/p>\n<p>Milovn\u00edci cyklistick\u00fdch v\u00fdletov ocenia cyklistick\u00fd raj, ktor\u00fdm ostrov Rab v skutku je. Borovicov\u00e9 lesy a \u00fachvatn\u00e9 v\u00fdh\u013eady na morsk\u00e9 z\u00e1toky o\u010daria ka\u017ed\u00e9ho.<\/p>\n<p><strong>Spolo\u010dn\u00e9 chv\u00edle a\u00a0ve\u010dern\u00e1 atmosf\u00e9ra<\/strong><\/p>\n<p>Pl\u00e1\u017eov\u00e9 in\u0161pir\u00e1cie nie s\u00fa len o \u0161porte. Rovnako d\u00f4le\u017eit\u00e9 s\u00fa <strong>spolo\u010dn\u00e9 posedenia v pr\u00edjemnej atmosf\u00e9re<\/strong> \u2013 \u010di u\u017e na hotelov\u00fdch teras\u00e1ch, alebo v <strong>Beach &#038; Beat bare<\/strong> priamo pod borovicami, s v\u00fdh\u013eadom na \u0161portovisk\u00e1 a pieso\u010dnat\u00fa pl\u00e1\u017e.<\/p>\n<p><strong>Z\u00e1vere\u010dn\u00e1 p\u00e1rty spojen\u00e1 s vyhl\u00e1sen\u00edm v\u00fdsledkov<\/strong> sa uskuto\u010dn\u00ed v interi\u00e9ri alebo na terase hotela \u2013 pod\u013ea po\u010dasia, ktor\u00e9 b\u00fdva na prelome m\u00e1ja a j\u00fana na Rabe u\u017e pr\u00edjemne letn\u00e9. St\u00e1li \u00fa\u010dastn\u00edci u\u017e vedia, \u017ee sa vyhodnocuj\u00fa v\u0161etky discipl\u00edny samostatne a\u00a0najlep\u0161ie umiestnen\u00ed v\u00a0nich zbieraj\u00fa body do celkov\u00e9ho vyhodnotenia t\u00edmov.<\/p>\n<p><strong>Historick\u00e9 mesto na dosah<\/strong><\/p>\n<p>Piatkov\u00fd ve\u010der bud\u00fa t\u00edmy tr\u00e1vi\u0165 po svojom a\u00a0m\u00f4\u017eu vyu\u017ei\u0165\u00a0 bl\u00edzkos\u0165 historick\u00e9ho mesta Rab \u00a0vzdialen\u00e9ho <strong>iba 5 km. <\/strong>\u00a0Mesto je \u013eahko dosa\u017eite\u013en\u00e9 autom \u010di lodn\u00fdm tax\u00edkom.<\/p>\n<p>Detail, ako sa dosta\u0165 na samotn\u00fd ostrov RAB TU:<\/p>\n<p><a href=\"https:\/\/www.valamar.com\/sk\/chorvatsko\/ostrov-rab\/smery\">https:\/\/www.valamar.com\/sk\/chorvatsko\/ostrov-rab\/smery<\/a><\/p>\n<p><em>Slovensk\u00e9 firemn\u00e9 hry Pl\u00e1\u017eov\u00e9 in\u0161pir\u00e1cie organizuje agent\u00fara ELCOP v\u00a0spolupr\u00e1ci s t\u00fd\u017edenn\u00edkom TREND od roku 2000. S\u00fa vhodn\u00e9 ako teambuilding\u00a0alebo\u00a0po\u010fakovanie za mimoriadne pracovn\u00e9 v\u00fdkony. \u0160portov\u00fd program je zostaven\u00fd tak, aby umo\u017enil zapojenie v\u0161etk\u00fdch \u010dlenov firemn\u00e9ho t\u00edmu. <\/em><\/p>\n<p><em>Pohyb \u2013 Z\u00e1bava \u2013\u00a0 Spolupr\u00e1ca\u00a0na dobrom mieste a\u00a0v\u00a0dobrej spolo\u010dnosti s\u00fa z\u00e1kladn\u00fdmi piliermi podujatia.<\/em><\/p>\n<p><em>Aj va\u0161a firma m\u00f4\u017ee by\u0165 jeho s\u00fa\u010das\u0165ou.<\/em><\/p>\n<\/div><\/section><\/div><div class='flex_column av-18bfk4-3099bf8b84acdf50f80e225a736fd951 av_three_fifth  avia-builder-el-5  el_after_av_four_fifth  el_before_av_horizontal_gallery  avia-builder-el-last  first flex_column_div avia-link-column av-column-link '  data-link-column-url=\"http:\/\/https:\/\/www.valamar.com\/sk\/hotely-rab\/arba-resort?view=photos\"   ><a class=\"av-screen-reader-only\" href=http:\/\/https:\/\/www.valamar.com\/sk\/hotely-rab\/arba-resort?view=photos >Follow a manual added link<\/a><p><div  class='avia-video av-lsbxmuxu-3c141d4d7e25ffd9a1afa1ff834530ab avia-video-16-9 av-no-preview-image avia-video-load-always av-lazyload-immediate av-lazyload-video-embed'  itemprop=\"video\" itemtype=\"https:\/\/schema.org\/VideoObject\"  data-original_url='https:\/\/youtu.be\/e6AJXu52WhY?si=3KrTfk_uqXB2yMTX'><script type='text\/html' class='av-video-tmpl'><div class='avia-iframe-wrap'><iframe title=\"Slovensk\u00e9 firemn\u00e9 hry - Pl\u00e1\u017eov\u00e9 in\u0161pir\u00e1cie 2023\" width=\"1500\" height=\"844\" src=\"https:\/\/www.youtube.com\/embed\/e6AJXu52WhY?feature=oembed&autoplay=0&loop=0&controls=1&mute=0\" frameborder=\"0\" allow=\"accelerometer; autoplay; clipboard-write; encrypted-media; gyroscope; picture-in-picture; web-share\" referrerpolicy=\"strict-origin-when-cross-origin\" allowfullscreen><\/iframe><\/div><\/script><div class='av-click-to-play-overlay'><div class=\"avia_playpause_icon\"><\/div><\/div><\/div><br \/>\n<div  class='avia-button-wrap avia-button-center  avia-builder-el-7  el_after_av_video  el_before_av_hr ' >\n<style type=\"text\/css\" data-created_by=\"avia_inline_auto\" id=\"style-css-av-yj5gk-7097be8878dc04b968d51d38a8df80aa\">\n#top #wrap_all .avia-button.av-yj5gk-7097be8878dc04b968d51d38a8df80aa:hover{\nbackground-color:#fcd967;\ncolor:white;\ntransition:all 0.4s ease-in-out;\n-webkit-transition:all 0.4s ease-in-out;\n-moz-transition:all 0.4s ease-in-out;\n-ms-transition:all 0.4s ease-in-out;\n-o-transition:all 0.4s ease-in-out;\n}\n<\/style>\n<a href='http:\/\/registracia.elcop.sk\/' class='avia-color-theme-color avia-font-color-theme-color avia-button avia-button-fullwidth av-yj5gk-7097be8878dc04b968d51d38a8df80aa avia-icon_select-no avia-color-theme-color' ><span class='avia_iconbox_title' >Registr\u00e1cia<\/span><\/a><\/div><br \/>\n\n<style type=\"text\/css\" data-created_by=\"avia_inline_auto\" id=\"style-css-av-pc73w-f6f52a57a6e1dc8ebf733d63144b97c7\">\n#top .hr.hr-invisible.av-pc73w-f6f52a57a6e1dc8ebf733d63144b97c7{\nheight:16px;\n}\n<\/style>\n<div  class='hr av-pc73w-f6f52a57a6e1dc8ebf733d63144b97c7 hr-invisible  avia-builder-el-8  el_after_av_button_big  avia-builder-el-no-sibling '><span class='hr-inner '><span class=\"hr-inner-style\"><\/span><\/span><\/div><\/p><\/div>\n<style type=\"text\/css\" data-created_by=\"avia_inline_auto\" id=\"style-css-av-l0mfervs-b71fcb28e4eaf080f43e3767ea35846c\">\n.av-horizontal-gallery.av-l0mfervs-b71fcb28e4eaf080f43e3767ea35846c{\npadding:3.75% 0px;;\n}\n.av-horizontal-gallery.av-l0mfervs-b71fcb28e4eaf080f43e3767ea35846c .av-horizontal-gallery-inner{\npadding-bottom:25%;\n}\n<\/style>\n<div  class='av-horizontal-gallery av-l0mfervs-b71fcb28e4eaf080f43e3767ea35846c av-horizontal-gallery-large-gap av-horizontal-gallery-enlarge-effect av-control-default  avia-builder-el-9  el_after_av_three_fifth  avia-builder-el-last  av-horizontal-gallery-1 '  itemprop=\"image\" itemscope=\"itemscope\" itemtype=\"https:\/\/schema.org\/ImageObject\"   data-av-enlarge='1.3'  ><div class='avia-slideshow-arrows avia-slideshow-controls' ><a href='#prev' class='prev-slide av-horizontal-gallery-prev' aria-hidden='true' data-av_icon='\ue87c' data-av_iconfont='entypo-fontello'  tabindex='-1'>Sp\u00e4\u0165<\/a><a href='#next' class='next-slide av-horizontal-gallery-next' aria-hidden='true' data-av_icon='\ue87d' data-av_iconfont='entypo-fontello'  tabindex='-1'>\u010ealej<\/a><\/div><div class='av-horizontal-gallery-inner' data-av-height='25'><div class=\"av-horizontal-gallery-slider\"><div class='av-horizontal-gallery-wrap noHover'><img class='wp-image-4667 avia-img-lazy-loading-not-4667 av-horizontal-gallery-img' width='1030' height='687' src='https:\/\/slovenskefiremnehry.sk\/plaze\/wp-content\/uploads\/2022\/03\/elPesO9w_Skuter-2-1030x687.jpeg' title='elPesO9w_Sk\u00fater 2' alt='' \/><a href=\"https:\/\/slovenskefiremnehry.sk\/plaze\/wp-content\/uploads\/2022\/03\/elPesO9w_Skuter-2-1030x687.jpeg\" class='av-horizontal-gallery-link' aria-hidden='true' data-av_icon='\ue869' data-av_iconfont='entypo-fontello' title='elPesO9w_Sk\u00fater 2' alt=''><\/a><\/div><div class='av-horizontal-gallery-wrap noHover'><img class='wp-image-4666 avia-img-lazy-loading-not-4666 av-horizontal-gallery-img' width='1030' height='687' src='https:\/\/slovenskefiremnehry.sk\/plaze\/wp-content\/uploads\/2022\/03\/DObV_NeA_volejbal-1030x687.jpeg' title='DObV_NeA_volejbal' alt='' \/><a href=\"https:\/\/slovenskefiremnehry.sk\/plaze\/wp-content\/uploads\/2022\/03\/DObV_NeA_volejbal-1030x687.jpeg\" class='av-horizontal-gallery-link' aria-hidden='true' data-av_icon='\ue869' data-av_iconfont='entypo-fontello' title='DObV_NeA_volejbal' alt=''><\/a><\/div><div class='av-horizontal-gallery-wrap noHover'><img class='wp-image-4665 avia-img-lazy-loading-not-4665 av-horizontal-gallery-img' width='1030' height='687' src='https:\/\/slovenskefiremnehry.sk\/plaze\/wp-content\/uploads\/2022\/03\/Kh6eKQXw_golf-1030x687.jpeg' title='Kh6eKQXw_golf' alt='' \/><a href=\"https:\/\/slovenskefiremnehry.sk\/plaze\/wp-content\/uploads\/2022\/03\/Kh6eKQXw_golf-1030x687.jpeg\" class='av-horizontal-gallery-link' aria-hidden='true' data-av_icon='\ue869' data-av_iconfont='entypo-fontello' title='Kh6eKQXw_golf' alt=''><\/a><\/div><div class='av-horizontal-gallery-wrap noHover'><img class='wp-image-4664 avia-img-lazy-loading-not-4664 av-horizontal-gallery-img' width='1030' height='687' src='https:\/\/slovenskefiremnehry.sk\/plaze\/wp-content\/uploads\/2022\/03\/Jxmlkq0w_tenis-1030x687.jpeg' title='Jxmlkq0w_tenis' alt='' \/><a href=\"https:\/\/slovenskefiremnehry.sk\/plaze\/wp-content\/uploads\/2022\/03\/Jxmlkq0w_tenis-1030x687.jpeg\" class='av-horizontal-gallery-link' aria-hidden='true' data-av_icon='\ue869' data-av_iconfont='entypo-fontello' title='Jxmlkq0w_tenis' alt=''><\/a><\/div><\/div><\/div><\/div>\n\n","protected":false},"excerpt":{"rendered":"","protected":false},"author":1,"featured_media":0,"parent":0,"menu_order":2,"comment_status":"open","ping_status":"open","template":"","meta":[],"_links":{"self":[{"href":"https:\/\/slovenskefiremnehry.sk\/plaze\/wp-json\/wp\/v2\/pages\/484"}],"collection":[{"href":"https:\/\/slovenskefiremnehry.sk\/plaze\/wp-json\/wp\/v2\/pages"}],"about":[{"href":"https:\/\/slovenskefiremnehry.sk\/plaze\/wp-json\/wp\/v2\/types\/page"}],"author":[{"embeddable":true,"href":"https:\/\/slovenskefiremnehry.sk\/plaze\/wp-json\/wp\/v2\/users\/1"}],"replies":[{"embeddable":true,"href":"https:\/\/slovenskefiremnehry.sk\/plaze\/wp-json\/wp\/v2\/comments?post=484"}],"version-history":[{"count":5,"href":"https:\/\/slovenskefiremnehry.sk\/plaze\/wp-json\/wp\/v2\/pages\/484\/revisions"}],"predecessor-version":[{"id":6301,"href":"https:\/\/slovenskefiremnehry.sk\/plaze\/wp-json\/wp\/v2\/pages\/484\/revisions\/6301"}],"wp:attachment":[{"href":"https:\/\/slovenskefiremnehry.sk\/plaze\/wp-json\/wp\/v2\/media?parent=484"}],"curies":[{"name":"wp","href":"https:\/\/api.w.org\/{rel}","templated":true}]}}